75 + 475. Suppose -4*l + 633 - 497 = w. What is the remainder when 203 is divided by l?
33
Suppose 16*k + 50291 = 50851. What is the remainder when 1608 is divided by k?
33
Suppose 151*h - 7095 = 118*h. Calculate the remainder when h is divided by 48.
23
Let y(i) = -5*i - 21. Let s be y(-19). Let c = s + 575. Suppose c = 12*q - q. Calculate the remainder when q is divided by 15.
14
Let l = -21015 - -21053. What is the remainder when 5963 is divided by l?
35
Suppose -417 = -3*t + 31*r - 32*r, 4*t - 556 = 3*r. Let p(o) = -9*o - 10 + 3 - o**2 - 4*o. What is the remainder when t is divided by p(-6)?
34
Suppose -9270*p - 118 = -9272*p. What is the remainder when 60 is divided by p?
1
Let m = 540 - 522. Suppose m*j + 3*j - 4872 = 0. Calculate the remainder when j is divided by 2/(-4*2/(-188)).
44
What is the remainder when (0 - -1*6) + (-76 - -67) + 2836 is divided by 91?
12
Let j = -8 + 60. Let b = -40 + j. Calculate the remainder when 112 is divided by 92/b*(-4 + 7).
20
Suppose 0 = -222*z + 159*z + 945. What is the remainder when 389 is divided by z?
14
Suppose 4 = u - 4*b, 6*u - u - 5*b - 65 = 0. Suppose 0 = 4*h - u, 2*v - 112 = 4*h - 8*h. What is the remainder when v is divided by 5?
3
Let h = -29 + -40. Let f = 39 + h. Let o = f + 69. What is the remainder when o is divided by 7?
4
Let b(a) = -1196*a - 983. What is the remainder when b(-1) is divided by 60?
33
Suppose -16236 - 9844 = -8*l. What is the remainder when (-6)/14 - l/(-28) is divided by 44?
28
Suppose -23*t + 1444 = -1247. Let v = 224 - t. What is the remainder when v is divided by 11/((-4 - -2)/(-2))?
8
Let q be (11 + -3 - -2)*16/20. Calculate the remainder when 50 is divided by (9 + (-132)/q)/(6/(-16)).
10
Let f be 3 + -1 + 1/(-2)*0. Suppose f*r = 141 - 129. Calculate the remainder when 29 is divided by r.
5
Let q be (6/(-21) + (-52)/112)*-4. Suppose -5*d - 2*b + q = -33, 0 = 5*b + 10. What is the remainder when 31 is divided by d?
7
Suppose 3*o - 2*a - 7 = 0, 4*o + 4*a - 17 = 19. Suppose o*g = -6*g + 121. Let r = 18 + g. Calculate the remainder when r is divided by 6.
5
Let w = -158 + 161. Suppose 5*u - 90 = w*v - 5*v, -2*v - 3*u = -82. What is the remainder when 100 is divided by v?
30
Let c(k) = 9 - k**2 + k**3 + 3*k**2 + 26. Let z(j) = 29*j - 29. Let w be z(1). Calculate the remainder when 68 is divided by c(w).
33
Let x = 3935 - 3924. What is the remainder when 890 is divided by x?
10
Let o(z) = 16*z + 31. Let a be o(0). Let j(q) = q**2 - 30*q - 10. Calculate the remainder when 163 is divided by j(a).
16
Let b(r) = 8*r**2 + 74*r + 1504. Calculate the remainder when b(-38) is divided by 25.
19
Let m = 243 + 115. Calculate the remainder when m is divided by (-1)/1*3*((-2)/(-6) + -2).
3
Calculate the remainder when 4/8*48 - -1424 is divided by 10.
8
Suppose 2234 = 3*l + f, -8*f + 3*f = 2*l - 1459. Calculate the remainder when 3008 is divided by l.
20
Suppose 4*k = -m + 70, 3*k = -3*m + 32 + 196. What is the remainder when 444 is divided by m?
54
Suppose -784 = 15*o + 311. Suppose 4*q - 3*b - 105 = 0, 5*q - 5*b = -8*b + 111. Calculate the remainder when (o - -55)*(0 - (-26)/(-4)) is divided by q.
21
Let j = 19009 - 18395. What is the remainder when 1261 is divided by j?
33
Let q = -1986 - -2011. Let c = -87 + 134. Calculate the remainder when c is divided by q.
22
Let q = 63 + -51. Let p = 14 + -17. What is the remainder when (-1)/(2/(-36)) - p is divided by q?
9
Let j be (-9027)/(-81) + 28/(-63). Suppose -39 = -c + 3*r, 5*r - j = 18*c - 20*c. Calculate the remainder when c is divided by 14.
6
Let l(d) = d**2 - 7*d + 15. Suppose -1798 = -4*i - 1658. Calculate the remainder when l(13) is divided by i.
23
Let r be 4 - (4 - 8 - -7 - 1). Suppose r*b - 20 + 20 = 0. Suppose -1 = s + 2*z + 5, -5*s + 5*z + 30 = b. Calculate the remainder when 6 is divided by s.
0
What is the remainder when 9448 is divided by 2334/26 - (522/(-234) - -2)?
88
What is the remainder when 12637 is divided by (168/630)/((-6)/(-450))?
17
Let m be ((-9)/(-6))/(2/4). Suppose 2*b = -3*v + 4*v + 21, 44 = m*b + v. What is the remainder when 49 is divided by b?
10
Suppose -11*u = -3*y - 14*u + 1215, -u + 807 = 2*y. Suppose 0 = 3*a - 5*d - 193 - 236, 3*a + 4*d - y = 0. What is the remainder when a is divided by 28?
26
Let c(u) = -u**2 + 2*u + 6. Let j be c(-2). Let b be -385 - (4 + 0 + j). Calculate the remainder when b*(-2)/(-9)*(-9)/6 is divided by 13.
12
Let x = -1363 + 1583. Suppose -5*y = -f - 283, -3*y - 110 = -5*y + 2*f. Calculate the remainder when x is divided by y.
49
Let l = 27229 - 27182. Calculate the remainder when 47 is divided by l.
0
Let f(k) = k**2 + 1 - 2*k**2 - 4 - 6*k + 0. Let v be f(-10). Let x = v - -48. Calculate the remainder when 22 is divided by x.
2
Let b(a) = 45*a**2 + 968*a + 49. Calculate the remainder when b(-25) is divided by 75.
74
Let r(k) = -k + 148. Calculate the remainder when 391 is divided by r(22).
13
Suppose 3*j = t + 2*t - 3, 2*j = -3*t + 18. Suppose 0*m - 102 = -m - j*x, -3*x - 132 = -m. What is the remainder when m is divided by 43?
31
Suppose -8*n = -11*n + 57. Let p = 57 - n. Suppose 3*o = 2*z + p, z - 19 = -4*o + 17. What is the remainder when 16 is divided by o?
6
Suppose -5*u - 2*n = 40, -21*u - 5*n = -24*u + 7. Suppose 3*r = 80 - 11. Calculate the remainder when r is divided by (-8)/(-6) - 10/u.
2
Let b(d) = d**3 - 8*d**2 - 31*d - 11. Let r be b(11). Suppose r*m - 124 = 9*m. What is the remainder when m is divided by 6?
2
Suppose -1047*b + 196 = -1037*b - 244. What is the remainder when 1460 is divided by b?
8
Let d be (5*4)/(-10 - (-2353)/234). Suppose 0 = -71*g + 65*g + d. Calculate the remainder when g is divided by 11.
5
Suppose 4*u - 4 = 3*a - 1, 5*u + 4*a = 27. Suppose 0 = u*v + 3*v - 30. Calculate the remainder when 33 is divided by v.
3
Let b be (-28)/(-140)*(0/(-1))/(-2). Suppose b = 7*q + 91 - 609. What is the remainder when q is divided by 39?
35
What is the remainder when 2/(6350/(-795) - -8) - -5 is divided by 51?
11
Suppose 0 = 3*t - x - 5203, -3*x + 4548 + 4091 = 5*t. What is the remainder when t is divided by 86?
12
Let o(w) = 3*w**2 + 4*w + 10. Let f be o(-7). Suppose -6*k = 145 + 527. Let h = f + k. What is the remainder when h is divided by 11?
6
Let h = 23332 + -23325. What is the remainder when 3032 is divided by h?
1
What is the remainder when 2941 is divided by (-92)/3*33075/(-1050)?
43
Let y(g) = -g**3 + 6*g**2 - 4*g + 13. Let a be y(4). Calculate the remainder when (a/(-3))/(5/(-15)) is divided by 20.
9
Let s(d) = -d**2 - 8*d - 7. Let n be s(-3). Let z be 12/8*1*n/6. Suppose z*k = -0*k + 340. What is the remainder when k is divided by 43?
41
Let u(h) = -17*h. Let y(z) = -15*z + 1. Let x(t) = -4*u(t) + 5*y(t). What is the remainder when x(-2) is divided by 5?
4
Let c(w) = -10*w - 8. Let y be c(-1). Suppose y*i - 53 = -m, -5*i = 5*m - 158 + 18. What is the remainder when 97 is divided by i?
22
Let f = -2426 - -2696. Calculate the remainder when f is divided by 156.
114
Let z(d) = d**3 + 10*d**2 + 9*d - 2. Let l be z(-8). Let i = 49 - l. What is the remainder when -3 + 3/1 + i/(-1) is divided by 2?
1
Let k(d) = 2*d**3 + 51*d**2 + 39*d + 39. What is the remainder when k(-11) is divided by 156?
155
Suppose 3*b = -2*c + 9, 3*c - 6 = -2*b - 5. Let r = 4 + c. What is the remainder when 8 is divided by r?
0
Suppose -p = 2*p + 9, 0 = n + 2*p - 215. What is the remainder when n is divided by (4/(-10))/((-7)/280)?
13
Suppose -f - 154 = -3*j + f, -3*j = f - 157. Calculate the remainder when 64 is divided by j.
12
Suppose 4*d + d = 380. Suppose -5*n = 4*u - 106, 4*n - u - d - 13 = 0. Let j(i) = 3*i - 19. Calculate the remainder when n is divided by j(8).
2
Suppose -81 = -2*j - 5*y, 24*j - 23*j + 4*y = 39. What is the remainder when 167/2 - 2/4 is divided by j?
40
Let l(n) = n**2 - 2*n - 5. Let w(k) = -k - 1. Let j(a) = l(a) - 4*w(a). Let o be j(-8). Let g = -28 + o. Calculate the remainder when 75 is divided by g.
18
Let w = -539 + -939. Let i = -1247 - w. Let z(p) = -47*p**3 - p - 1. Calculate the remainder when i is divided by z(-1).
43
Suppose -d - 140 = -6*d. What is the remainder when (15/(-6))/((-2)/44) is divided by d?
27
Calculate the remainder when 685 is divided by (2870/21)/((-2)/(-11) + (-448)/(-924)).
70
Suppose -13*s = -22*s + 27. Suppose -